it of 8767?
6
What is the units digit of 3658?
8
What is the tens digit of 3404?
0
What is the hundreds digit of 443?
4
What is the units digit of 52609?
9
What is the units digit of 72?
2
What is the tens digit of 5759?
5
What is the tens digit of 182?
8
What is the hundreds digit of 1274?
2
What is the hundreds digit of 28526?
5
What is the tens digit of 6216?
1
What is the hundreds digit of 807?
8
What is the ten thousands digit of 124344?
2
What is the hundreds digit of 2379?
3
What is the thousands digit of 1712?
1
What is the units digit of 22602?
2
What is the units digit of 19247?
7
What is the thousands digit of 8098?
8
What is the units digit of 2874?
4
What is the units digit of 1609?
9
What is the tens digit of 13670?
7
What is the tens digit of 24?
2
What is the hundreds digit of 1706?
7
What is the tens digit of 1177?
7
What is the tens digit of 2701?
0
What is the tens digit of 13737?
3
What is the hundreds digit of 3202?
2
What is the hundreds digit of 11102?
1
What is the units digit of 6551?
1
What is the units digit of 310?
0
What is the units digit of 52170?
0
What is the units digit of 3998?
8
What is the hundreds digit of 737?
7
What is the hundreds digit of 361?
3
What is the hundreds digit of 321?
3
What is the tens digit of 2643?
4
What is the thousands digit of 10254?
0
What is the thousands digit of 45760?
5
What is the tens digit of 4653?
5
What is the tens digit of 47?
4
What is the units digit of 4155?
5
What is the hundreds digit of 1554?
5
What is the thousands digit of 16284?
6
What is the units digit of 222?
2
What is the tens digit of 6836?
3
What is the thousands digit of 7495?
7
What is the tens digit of 142?
4
What is the tens digit of 22717?
1
What is the hundreds digit of 5076?
0
What is the units digit of 12170?
0
What is the tens digit of 3762?
6
What is the tens digit of 3662?
6
What is the tens digit of 9787?
8
What is the ten thousands digit of 24544?
2
What is the units digit of 23989?
9
What is the units digit of 1161?
1
What is the hundreds digit of 271?
2
What is the hundreds digit of 92382?
3
What is the units digit of 4058?
8
What is the thousands digit of 37830?
7
What is the units digit of 5985?
5
What is the hundreds digit of 14095?
0
What is the units digit of 865?
5
What is the hundreds digit of 256?
2
What is the ten thousands digit of 22060?
2
What is the hundreds digit of 697?
6
What is the thousands digit of 65345?
5
What is the tens digit of 386?
8
What is the units digit of 2817?
7
What is the thousands digit of 3968?
3
What is the hundreds digit of 519?
5
What is the thousands digit of 2495?
2
What is the tens digit of 13750?
5
What is the hundreds digit of 3173?
1
What is the ten thousands digit of 42074?
4
What is the thousands digit of 47690?
7
What is the units digit of 11312?
2
What is the tens digit of 96007?
0
What is the units digit of 439?
9
What is the units digit of 16914?
4
What is the ten thousands digit of 90551?
9
What is the thousands digit of 143413?
3
What is the thousands digit of 7331?
7
What is the ten thousands digit of 48498?
4
What is the units digit of 2735?
5
What is the hundreds digit of 870?
8
What is the tens digit of 31781?
8
What is the tens digit of 153?
5
What is the thousands digit of 3220?
3
What is the tens digit of 1551?
5
What is the hundreds digit of 3697?
6
What is the units digit of 234?
4
What is the ten thousands digit of 11515?
1
What is the tens digit of 2386?
8
What is the thousands digit of 36216?
6
What is the units digit of 21961?
1
What is the hundreds digit of 236?
2
What is the units digit of 1161?
1
What is the hundreds digit of 144261?
2
What is the hundreds digit of 81263?
2
What is the units digit of 2585?
5
What is the tens digit of 4802?
0
What is the tens digit of 4022?
2
What is the thousands digit of 1947?
1
What is the hundred thousands digit of 124041?
1
What is the tens digit of 20048?
4
What is the thousands digit of 7117?
7
What is the thousands digit of 3068?
3
What is the thousands digit of 21739?
1
What is the hundreds digit of 705?
7
What is the tens digit of 40024?
2
What is the thousands digit of 103982?
3
What is the tens digit of 56213?
1
What is the thousands digit of 3948?
3
What is the thousands digit of 31874?
1
What is the hundreds digit of 13365?
3
What is the units digit of 1644?
4
What is the units digit of 48816?
6
What is the units digit of 584?
4
What is the hundred thousands digit of 151959?
1
What is the thousands digit of 5143?
5
What is the units digit of 618?
8
What is the thousands digit of 18084?
8
What is the units digit of 14347?
7
What is the tens digit of 393?
9
What is the thousands digit of 54531?
4
What is the thousands digit of 26035?
6
What is the units digit of 844?
4
What is the thousands digit of 2201?
2
What is the tens digit of 12642?
4
What is the thousands digit of 98160?
8
What is the thousands digit of 10068?
0
What is the units digit of 28058?
8
What is the units digit of 443?
3
What is the tens digit of 2093?
9
What is the units digit of 981?
1
What is the thousands digit of 61552?
1
What is the thousands digit of 64541?
4
What is the tens digit of 1103?
0
What is the tens digit of 66442?
4
What is the tens digit of 42971?
7
What is the thousands digit of 111803?
1
What is the tens digit of 3809?
0
What is the units digit of 5?
5
What is the tens digit of 121803?
0
What is the thousands digit of 42367?
2
What is the tens digit of 446?
4
What is the hundreds digit of 574?
5
What is the tens digit of 17559?
5
What is the units digit of 21208?
8
What is the hundreds digit of 7233?
2
What is the units digit of 1778?
8
What is the thousands digit of 2023?
2
What is the units digit of 1309?
9
What is the ten thousands digit of 73486?
7
What is the units digit of 245?
5
What is the units digit of 1261?
1
What is the units digit of 443?
3
What is the units digit of 51583?
3
What is the units digit of 998?
8
What is the units digit of 106686?
6
What is the tens digit of 997?
9
What is the hundreds digit of 4307?
3
What is the tens digit of 2004?
0
What is the units digit of 925?
5
What is the thousands digit of 3354?
3
What is the hundreds digit of 180?
1
What is the units digit of 9751?
1
What is the tens digit of 6264?
6
What is the units digit of 392?
2
What is the hundreds digit of 47374?
3
What is the tens digit of 103?
0
What is the ten thousands digit of 10081?
1
What is the thousands digit of 52589?
2
What is the units digit of 6735?
5
What is the units digit of 5900?
0
What is the hundreds digit of 727?
7
What is the ten thousands digit of 119816?
1
What is the thousands digit of 57222?
7
What is the thousands digit of 3432?
3
What is the units digit of 14109?
9
What is the thousands digit of 5155?
5
What is the ten thousands digit of 32089?
3
What is the hundreds digit of 12552?
5
What is the units digit of 1012?
2
What is the tens digit of 1566?
6
What is the thousands digit of 14611?
4
What is the hundreds digit of 512?
5
What is the units digit of 822?
2
What is the ten thousands digit of 36777?
3
What is the units digit of 2912?
2
What is the units digit of 6305?
5
What is the ten thousands digit of 52882?
5
What is the units digit of 20159?
9
What is the tens digit of 14736?
3
What is the units digit of 2999?
9
What is the ten thousands digit of 103505?
0
What is the units digit of 4260?
0
What is the hundreds digit of 1514?
5
What is the tens digit of 2962?
6
What is the units digit of 7429?
9
What is the hundreds digit of 2969?
9
What is the tens digit of 35695?
9
What is the hundreds digit of 8745?
7
What is the units digit of 16622?
2
What is the hundreds digit of 930?
9
What is the tens digit of 6786?
8
What is the tens digit of 40306?
0
What is the thousands digit of 16396?
6
What is the ten thousands digit of 71808?
7
What is the ten thousands digit of 22424?
2
What is the units digit of 4428?
8
What is the ten thousands digit of 121800?
2
What is the units digit of 15114?
4
What is the units digit of 9934?
4
What is the units digit of 1280?
0
What is the tens digit of 6769?
6
What is the tens digit of 6170?
7
What is the hundreds digit of 761?
7
What is the units digit of 8086?
6
What is the tens digit of 88430?
3
What is the tens digit of 34380?
8
What